 is w(-5)?
-1
Let i(x) = 3*x**2 + 2*x + 1. Let j be i(2). Suppose 0*h - 5*h + 4*r = -j, -h - 3*r = -11. Let o = h + -7. Let z(n) = -n**3 - 2*n**2 + n. Calculate z(o).
-2
Let a(x) = -x. Suppose -2*t + 4*t = -0*t. Give a(t).
0
Let p(t) = -t**3 - 4*t**2 + 2*t + 5. Suppose -11 - 25 = -3*i. Let s be (i/(-9))/((-2)/6). Suppose -s*a - 6 = 10. What is p(a)?
-3
Let y(f) = 1 + 0*f - 4*f + 5*f. Determine y(3).
4
Let u be 1/2*(-10)/(-15). Let s(a) be the second derivative of 1/2*a**2 + 2*a + 0 + u*a**3. Give s(-2).
-3
Let f(j) = j**3 + 6*j**2 + 2*j + 5. Let s = 37 + -43. What is f(s)?
-7
Let y(i) = -6*i**3 - i**2 + i - 1. Let q be y(1). Let v(c) = -c + 2. Calculate v(q).
9
Let y(q) = -q**2 - 5*q - 7. Let b = 3 - 1. Suppose 25 = -i - 4*t, i + 25 = -2*i - b*t. Calculate y(i).
-7
Let o be -2 - (-1 - -1) - -8. Let z(c) = -3*c - 9. Let n(r) = 2*r + 9. Let k(q) = 5*n(q) + 4*z(q). Give k(o).
-3
Let k = -4 + 4. Let w(b) = -b**3 - b - 2. Let q be w(k). Let x(i) = -4*i**2 - 3. Let l(v) = 6*v**2 + 4. Let a(m) = -5*l(m) - 7*x(m). Determine a(q).
-7
Let t(u) = u. Let z(h) = h**3 + h**2 + h - 1. Let s be z(-2). Let r = s - -19. Let j = r + -8. What is t(j)?
4
Let h(b) = 3*b - 3*b + 3 + b. Let l = 5 - 3. Let c be 2/4*(-8)/l. What is h(c)?
1
Let g(z) = -4*z + 27. Let r be g(9). Let k(a) = a + 8. What is k(r)?
-1
Let s(d) = 8*d**2. Let a = -21 + 20. Give s(a).
8
Let z(r) = -4*r**3 + 3*r**2 + 2*r. Let u be z(-1). Let s(b) = -b**3 + 5*b**2 - 2. Determine s(u).
-2
Let b(l) be the third derivative of l**6/120 + 3*l**5/20 + l**4/24 + l**3/3 + 14*l**2. Determine b(-9).
-7
Suppose -u - 2*a = -5*u + 42, 0 = -u + 5*a + 15. Suppose -3*w + 3*q = -21, 5*q + u = w + 3*q. Let x(m) = -w*m + 2*m - 3*m**2 + 1 + 0*m**2. Give x(-2).
-7
Let r(v) be the second derivative of -v**5/20 + 5*v**4/12 - v**3/2 - 5*v**2/2 - 11*v + 2. Calculate r(5).
-20
Let h(d) = 32*d**2 - 31*d**2 + 13 - 8*d - 2. What is h(8)?
11
Let r = -6 + 8. Suppose k + w + 4 = 0, -k = 4*k - w + r. Let o(z) = 65*z**2 + 5*z - 62*z**2 - 4*z. Give o(k).
2
Let n(q) = q**2 - q + 2. Let c(a) be the third derivative of -a**5/60 + a**3 + 3*a**2. Let t be c(0). Let j(s) = -s**2 + 5*s + 6. Let v be j(t). Give n(v).
2
Suppose 4*l - 2 = 4*x - x, 2*l - 14 = -5*x. Let n(d) = -5*d + 5. Let m(t) = t - 5*t + 2 + 2. Let k(q) = 6*m(q) - 5*n(q). Calculate k(x).
1
Suppose p - 3 + 4 = -a, -5*a - p = 17. Let r(q) be the first derivative of -q**2 + 3*q - 1. Calculate r(a).
11
Let o(s) = -s - 5. Let q(b) = -2*b - 18. Let k(g) = -2*g - 17. Let u(t) = -7*k(t) + 6*q(t). Let m(h) = 13*o(h) + 6*u(h). Suppose 4*n + 2 - 10 = 0. What is m(n)?
-1
Suppose -3*g = 6 + 9. Let q(k) = -k + 3. Let j(v) = v**2 - 7*v - 1. Let h be j(6). Let f(r) = -3*r + 9. Let n(a) = h*q(a) + 2*f(a). Give n(g).
-8
Let u be 1/((9/3)/(-15)). Let b = 2 - u. Let w(p) = 3*p**2 + 2*p - 4. Let j(h) = -5*h**2 - 5*h + 8. Let o(n) = b*w(n) + 4*j(n). Give o(5).
-1
Let u(b) = b**2 + 6*b - 2*b**2 - 3 + 0. Let o(n) = n + 1. Let j be o(4). Let h(k) = -k**3 + 4*k**2 + 5*k + 5. Let f be h(j). Give u(f).
2
Let h(m) = -m + 4*m**3 - m**3 - 2*m**3 + 17 + m**2. Calculate h(0).
17
Suppose 5*q - 50 = -5*m, m - 4*q + 55 = 6*m. Suppose m = -0*x + 3*x. Let r(g) = g**2 - 5*g. Calculate r(x).
0
Let v = 3 - 5. Let n(a) = -2*a. What is n(v)?
4
Let t(r) = 8*r**2 + r. Suppose 3*p - 6*p = 3*o + 12, -4*o + 5*p = -29. What is t(o)?
9
Let l(t) be the first derivative of t**4/4 + t**3/3 - t**2/2 - t - 7. Let k be (-12)/(-9) + (-2)/(-3). What is l(k)?
9
Let m(u) be the second derivative of u**4/12 - 5*u**2/2 - u. Suppose 9 + 13 = 2*w. Suppose -o + 2*r - 6 = 0, -4*o + 2 = -5*r + w. What is m(o)?
11
Let t(r) = -r**3 + 5*r**2 + 1. Suppose 8 = y + 3. What is t(y)?
1
Let w(t) = -2*t**2 - 3*t + 3. Let h be w(3). Let k be (h/10)/(2/(-5)). Let p(u) = u**3 - 5*u**2 - 4*u - 1. Calculate p(k).
11
Let y(h) be the second derivative of -h**3/6 + 2*h**2 + 2*h. Let z = -2 + 17. Suppose 6*k - k = -z. Give y(k).
7
Let w(k) be the second derivative of -k**3/3 - 4*k**2 - 12*k. Give w(-6).
4
Let a(c) be the third derivative of -c**5/20 + c**4/2 - 14*c**3/3 + c**2. Let p(t) = 2*t**2 - 8*t + 19. Let w(d) = 5*a(d) + 7*p(d). Determine w(5).
-12
Let o(k) = 3*k**2 + 3*k**2 - 5*k**2 - 2 + 4*k + 8. Suppose -5*h + 0*h - 20 = 0. What is o(h)?
6
Let h(v) be the second derivative of -v**7/840 + v**6/120 + v**5/30 - 5*v**4/24 - 2*v**3/3 - 4*v. Let g(i) be the second derivative of h(i). Calculate g(4).
-5
Let s(b) = b - 1 + 0*b**3 - b**2 + 0 - 2*b**3 + b**3. Give s(0).
-1
Let q(n) = n**2 + 2*n - 4. Let c = -35 + 22. Let o = c - -10. What is q(o)?
-1
Suppose 4*g = -5*a - 21, 2*g + 2 + 1 = -a. Let o(r) = r - 2 - g - 5. Suppose 2*h = -h. Calculate o(h).
-8
Suppose -13*z + 2 = -15*z. Let w(a) = -24*a. Calculate w(z).
24
Suppose 31 = -4*q - 3*h, -3*h = 2*q + h + 28. Let f(a) be the first derivative of -a**3/3 - 3*a**2 - 2*a + 2. Calculate f(q).
6
Let g(c) = -c**3 + 2*c**2 + 2. Let f be g(2). Let k(x) be the third derivative of -x**6/120 + x**5/20 - x**4/24 + x**3/6 + 7*x**2. Calculate k(f).
3
Let p = -23 + 16. Let c be 4/14 + 37/p. Let a(q) = -q**3 - 5*q**2 - 2*q - 5. Determine a(c).
5
Suppose -g - 3 = -0*g. Let c(l) = l. What is c(g)?
-3
Let h(k) = -k - 6. Suppose -13 = 3*c + 18*t - 23*t, c = 3*t - 3. Calculate h(c).
0
Let u(f) = f**2 - 4*f + 6. Let i be u(4). Let o = 8 - i. Let q(l) = 2*l + 11. Let k(s) = -s - 5. Let t(g) = -9*k(g) - 4*q(g). Give t(o).
3
Let w(r) = 4*r**2 + 1. Suppose -7 = -2*l - 3. Give w(l).
17
Let q(p) be the second derivative of -p**4/12 - 7*p**3/6 - p. Calculate q(-6).
6
Let q(k) = k + 8. Let g be (-4)/(-14) + 153/(-21). Calculate q(g).
1
Let r(g) = 2*g**2 - 15*g + 6. Let d be r(7). Let u(h) be the third derivative of h**4/24 + h**3/6 + h**2. Calculate u(d).
0
Suppose 8*a = 4*a - 56. Let l = -10 - a. Let b(i) = -2*i + 4. What is b(l)?
-4
Let o(r) = r**3 + 2*r**2. Let t be o(-2). Suppose t*v + 2*v = 12. Let p(a) = -v + a**2 - 7*a**2 + 7*a - 1 - a**3 + 2*a**3. Calculate p(5).
3
Let s(k) = k + 1 - 2*k + 0*k. Let c(z) = -z**3 + 3*z**2 - 1. Let p be c(2). Suppose -2*l + a = 6, 5*a - 10 + 1 = p*l. What is s(l)?
4
Let i(d) = -d + 18. Let y be i(23). Let t(g) be the first derivative of g**2/2 + 3*g - 1. Give t(y).
-2
Let a = -24 - -32. Let n = 1 - -2. Suppose q - 2*q + 3*k = a, 5*q = -n*k + 14. Let v(g) = g - 1. Determine v(q).
0
Let o(v) be the third derivative of v**5/60 + v**4/3 + v**3 + 4*v**2. Determine o(-8).
6
Let m(o) = 4*o**3 - 9*o**2 + 3*o + 5. Let k(y) = -y**3 + y**2 - y. Let v(u) = 5*k(u) + m(u). Give v(-4).
13
Let t(w) = -5*w - 1 + 8*w**2 + 3*w + 0*w. Let x be (56/140)/(2/(-5)). Determine t(x).
9
Suppose 2 = 6*r - 4. Let i(j) = -6*j**2 + 2*j - 1. Give i(r).
-5
Let y(s) = -s**3 + s**2. Let j(u) = -u**2 - 2*u + 1. Suppose -8*n + 3*n = 10. Let m be j(n). Determine y(m).
0
Suppose 4*p + 32 - 8 = 0. Let s(i) = -i**3 - 7*i**2 - 6*i + 7. Let z be s(p). Let d(t) = 0 - z*t**2 + 0. Determine d(1).
-7
Let n(l) be the third derivative of l**5/60 + l**4/24 - 5*l**3/6 + 3*l**2. Give n(-4).
7
Let y(v) be the second derivative of -v**4/12 + v**3 + v**2/2 + v. Let k be ((-6)/(-24))/((-1)/(-20)). What is y(k)?
6
Suppose 8 = 5*a - 3*a. Suppose 3*q - o - 9 = 5*q, -a*o - 6 = -2*q. Let s(t) = t**2 + 3*t - 4. Calculate s(q).
-4
Let j(p) = 3*p**2 - 2*p - 1. Suppose -t + o = 4*t - 5, 3*t - 21 = -3*o. Suppose -2*r = 5*i + 7, 3*i - 2*r + t = -i. Determine j(i).
4
Let w be (10/(-4))/(-5)*6. Let n(s) = -8 - s**2 + 11*s + s**w - 18*s + 8*s. Calculate n(0).
-8
Let u(o) = -8*o - 3. Suppose 5*c + 27 = 3*a, -5*c - 2 + 7 = 5*a. Give u(c).
21
Let m(t) = 0*t + t**2 + 6*t - 5*t. Suppose -d = d - 4. Suppose d*q = -2*q + 4. Calculate m(q).
2
Suppose x + 3*u = -7 + 20, -18 = 2*x - 5*u. Let w(c) = -x - c + 0*c - 1. Give w(-6).
4
Let a be 2 + -1 + 0 + 2. Let m(k) = -2*k + 5 + k + a. What is m(0)?
8
Suppose 2*s + r = -s - 29, -2*r = 4*s + 42. Let n(i) = -i**2 - 6*i + 11. Determine n(s).
-5
Let a(h) be the third derivative of -h**4/8 + 5*h**3/6 + 20*h**2. Calculate a(6).
-13
Let l(u) = -3*u**2 + 2*u - 1. Let i be l(1). Let g(w) = 9*w**2 + 9*w + 1. Let o(t) = -5*t**2 - 5*t - 1. Let v(h) = -3*g(h) - 5*o(h). Determine v(i).
-2
Let y(q) = 5*q. Let m(s) = s - 3. Let g(i) = i - 2. Let n(p) = -3*g(p) + 2*m(p). Let u(z) = -6*n(z) - y(z). Let x = -1 + -1. Give u(x).
-2
Let t(q) = -2*